{"id":9,"date":"2016-10-31T18:48:24","date_gmt":"2016-10-31T17:48:24","guid":{"rendered":"http:\/\/www.innerebalance.at\/?page_id=9"},"modified":"2022-03-31T13:17:30","modified_gmt":"2022-03-31T11:17:30","slug":"biografie","status":"publish","type":"page","link":"https:\/\/www.innerebalance.at\/?page_id=9","title":{"rendered":"Biografie"},"content":{"rendered":"<p><img loading=\"lazy\" decoding=\"async\" class=\"size-medium wp-image-52\" src=\"https:\/\/www.innerebalance.at\/wp-content\/uploads\/2016\/10\/Karin_Mayer_web-225x300.jpg\" alt=\"SONY DSC\" width=\"225\" height=\"300\" srcset=\"https:\/\/www.innerebalance.at\/wp-content\/uploads\/2016\/10\/Karin_Mayer_web-225x300.jpg 225w, https:\/\/www.innerebalance.at\/wp-content\/uploads\/2016\/10\/Karin_Mayer_web.jpg 600w\" sizes=\"auto, (max-width: 225px) 100vw, 225px\" \/><\/p>\n<h4><strong>\u00a0<\/strong><\/h4>\n<h4><strong>Mag. Karin Mayer, Diplom Psychologin<\/strong><\/h4>\n<h4>Ausbildungen:<\/h4>\n<ul>\n<li>\n<h4>Cranio Sacrale K\u00f6rperarbeit<\/h4>\n<\/li>\n<li>\n<h4>Focusing<\/h4>\n<\/li>\n<li>\n<h4>Feldenkrais<\/h4>\n<\/li>\n<li>\n<h4>Psychologie Studium, Wien<\/h4>\n<\/li>\n<li>\n<h4>TrainerInnen in der Erwachsenenbildung<\/h4>\n<\/li>\n<li>\n<h4>Kurs in non-verbaler Kommunikation\/Pantomime bei Mag. Wilhelm Gansch<\/h4>\n<\/li>\n<li>\n<h4>Massage Kurse, Behandlungs- und Aktivzentrum (BAZ), Manus, Wien<\/h4>\n<\/li>\n<li>\n<h4>HAK<\/h4>\n<\/li>\n<\/ul>\n<h4>Aufgrund von pers\u00f6nlichen Erfahrungen w\u00e4hrend der Zeit meines Studiums wurde ich auf die \u201eallt\u00e4gliche Zusammenarbeit\u201c bzw. die wechselseitige Beeinflussung von K\u00f6rper und Emotionen aufmerksam.<\/h4>\n<h4>Auf der Suche nach Methoden, die sich mit dieser Betrachtungsweise besch\u00e4ftigen, bin ich zun\u00e4chst auf die <strong>Cranio Sacrale K\u00f6rperarbeit<\/strong> (Cranial Fluid Dynamics) gesto\u00dfen, die f\u00fcr mich ein ausgezeichnetes Instrument darstellt, Blockaden aufzul\u00f6sen und mehr \u00fcber sich selbst zu erfahren.<\/h4>\n<h4>Es folgte <strong>Focusing<\/strong> nach Eugene T. Gendlin, in dem es m\u00f6glich wird, durch Gespr\u00e4che und Bezug zu K\u00f6rper, K\u00f6rperwahrnehmungen und Emotionen, fantastische Einsichten und L\u00f6sungen zu Problemen zu gewinnen.<\/h4>\n<h4><strong>In der Feldenkrais Methode<\/strong>, bei der es darum geht, wie wir uns (schmerzfrei, d.h. in aller Leichtigkeit) bewegen, habe ich f\u00fcr mich die dritte Methode gefunden, um mich m\u00f6glichst ganzheitlich anderen Menschen widmen zu k\u00f6nnen.<\/h4>\n","protected":false},"excerpt":{"rendered":"<p>\u00a0 Mag. Karin Mayer, Diplom Psychologin Ausbildungen: Cranio Sacrale K\u00f6rperarbeit Focusing Feldenkrais Psychologie Studium, Wien TrainerInnen in der Erwachsenenbildung Kurs in non-verbaler Kommunikation\/Pantomime bei Mag. Wilhelm Gansch Massage Kurse, Behandlungs- und Aktivzentrum (BAZ), Manus, Wien HAK Aufgrund von pers\u00f6nlichen Erfahrungen w\u00e4hrend der Zeit meines Studiums wurde ich auf die \u201eallt\u00e4gliche Zusammenarbeit\u201c bzw. die wechselseitige Beeinflussung &hellip; <\/p>\n<p><a class=\"more-link btn\" href=\"https:\/\/www.innerebalance.at\/?page_id=9\">Weiterlesen<\/a><\/p>\n","protected":false},"author":1,"featured_media":0,"parent":0,"menu_order":0,"comment_status":"closed","ping_status":"closed","template":"","meta":{"footnotes":""},"class_list":["post-9","page","type-page","status-publish","hentry","nodate","item-wrap"],"_links":{"self":[{"href":"https:\/\/www.innerebalance.at\/index.php?rest_route=\/wp\/v2\/pages\/9","targetHints":{"allow":["GET"]}}],"collection":[{"href":"https:\/\/www.innerebalance.at\/index.php?rest_route=\/wp\/v2\/pages"}],"about":[{"href":"https:\/\/www.innerebalance.at\/index.php?rest_route=\/wp\/v2\/types\/page"}],"author":[{"embeddable":true,"href":"https:\/\/www.innerebalance.at\/index.php?rest_route=\/wp\/v2\/users\/1"}],"replies":[{"embeddable":true,"href":"https:\/\/www.innerebalance.at\/index.php?rest_route=%2Fwp%2Fv2%2Fcomments&post=9"}],"version-history":[{"count":18,"href":"https:\/\/www.innerebalance.at\/index.php?rest_route=\/wp\/v2\/pages\/9\/revisions"}],"predecessor-version":[{"id":487,"href":"https:\/\/www.innerebalance.at\/index.php?rest_route=\/wp\/v2\/pages\/9\/revisions\/487"}],"wp:attachment":[{"href":"https:\/\/www.innerebalance.at\/index.php?rest_route=%2Fwp%2Fv2%2Fmedia&parent=9"}],"curies":[{"name":"wp","href":"https:\/\/api.w.org\/{rel}","templated":true}]}}